{"id":2236,"date":"2025-07-14T00:17:30","date_gmt":"2025-07-14T00:17:30","guid":{"rendered":"https:\/\/terangafrika.com\/product\/couscous-de-moringa-100-naturel\/"},"modified":"2025-07-14T00:17:30","modified_gmt":"2025-07-14T00:17:30","slug":"couscous-de-moringa-100-naturel","status":"publish","type":"product","link":"https:\/\/terangafrika.com\/?product=couscous-de-moringa-100-naturel","title":{"rendered":"Couscous de Moringa 100% naturel"},"content":{"rendered":"<p data-start=\"126\" data-end=\"195\">\ud83c\udf3f <em data-start=\"129\" data-end=\"192\">Une alimentation africaine ancestrale avec une touche moderne et saine<\/em> \ud83c\udf3e<\/p>\n<p data-start=\"197\" data-end=\"213\"><strong data-start=\"197\" data-end=\"213\">Description :<\/strong><\/p>\n<p data-start=\"215\" data-end=\"548\">Le <strong data-start=\"218\" data-end=\"239\">couscous au moringa<\/strong> est une alternative d\u00e9licieuse et nutritive au couscous traditionnel, enrichi de <strong data-start=\"320\" data-end=\"340\">feuilles de moringa<\/strong> s\u00e9ch\u00e9es et moulues, connues pour leur extraordinaire valeur nutritionnelle. Ce plat associe le go\u00fbt doux des c\u00e9r\u00e9ales aux bienfaits de la <em data-start=\"479\" data-end=\"499\">\u00ab\u00a0plante miracle\u00a0\u00bb, offrant ainsi<\/em> une option saine et 100 % naturelle. <\/p>\n<p data-start=\"550\" data-end=\"577\"><strong data-start=\"550\" data-end=\"577\">Propri\u00e9t\u00e9s exceptionnelles :<\/strong><\/p>\n<ul data-start=\"579\" data-end=\"778\">\n<li data-start=\"579\" data-end=\"651\">\n<p data-start=\"581\" data-end=\"651\"><strong data-start=\"584\" data-end=\"649\">Riche en fer, en calcium, en prot\u00e9ines v\u00e9g\u00e9tales et en vitamines A et C<\/strong><\/p>\n<\/li>\n<li data-start=\"652\" data-end=\"715\">\n<p data-start=\"654\" data-end=\"715\">\ud83c\udf3f <strong data-start=\"657\" data-end=\"683\">100% naturel et v\u00e9g\u00e9tal<\/strong>, sans additifs ni conservateurs<\/p>\n<\/li>\n<li data-start=\"716\" data-end=\"778\">\n<p data-start=\"718\" data-end=\"778\">\ud83c\udf7d\ufe0f <strong data-start=\"722\" data-end=\"743\">Facile \u00e0 pr\u00e9parer<\/strong> et polyvalent dans toutes sortes de recettes.<\/p>\n<\/li>\n<\/ul>\n<p data-start=\"780\" data-end=\"795\"><strong data-start=\"780\" data-end=\"795\">Avantages :<\/strong><\/p>\n<ul data-start=\"797\" data-end=\"981\">\n<li data-start=\"797\" data-end=\"834\">\n<p data-start=\"799\" data-end=\"834\">Renforce le syst\u00e8me immunitaire<\/p>\n<\/li>\n<li data-start=\"835\" data-end=\"875\">\n<p data-start=\"837\" data-end=\"875\">Fournit de l&rsquo;\u00e9nergie et am\u00e9liore la digestion<\/p>\n<\/li>\n<li data-start=\"876\" data-end=\"934\">\n<p data-start=\"878\" data-end=\"934\">Id\u00e9al pour les r\u00e9gimes \u00e9quilibr\u00e9s, v\u00e9g\u00e9tariens ou v\u00e9g\u00e9taliens<\/p>\n<\/li>\n<li data-start=\"935\" data-end=\"981\">\n<p data-start=\"937\" data-end=\"981\">Aide \u00e0 lutter contre la fatigue et la malnutrition<\/p>\n<\/li>\n<\/ul>\n<p data-start=\"983\" data-end=\"1007\"><strong data-start=\"983\" data-end=\"1007\">Comment se pr\u00e9parer :<\/strong><\/p>\n<p data-start=\"1009\" data-end=\"1155\">Cuire comme n&rsquo;importe quel couscous : ajouter de l&rsquo;eau chaude, laisser reposer quelques minutes et servir seul ou avec des l\u00e9gumes, de la viande ou des sauces selon votre go\u00fbt.<\/p>\n","protected":false},"excerpt":{"rendered":"<p>\ud83c\udf3f Une alimentation africaine ancestrale avec une touche moderne et saine \ud83c\udf3e Description : Le couscous au moringa est une alternative d\u00e9licieuse et nutritive au couscous traditionnel, enrichi de feuilles de moringa s\u00e9ch\u00e9es et moulues, connues pour leur extraordinaire valeur nutritionnelle. Ce plat associe le go\u00fbt doux des c\u00e9r\u00e9ales aux bienfaits de la \u00ab\u00a0plante miracle\u00a0\u00bb, [&hellip;]<\/p>\n","protected":false},"featured_media":1523,"template":"","meta":[],"product_brand":[],"product_cat":[119,155],"product_tag":[],"class_list":{"0":"post-2236","1":"product","2":"type-product","3":"status-publish","4":"has-post-thumbnail","6":"product_cat-aliments-naturels","7":"product_cat-farines-et-couscous-fonio-niebe-mil","9":"first","10":"instock","11":"purchasable","12":"product-type-simple"},"_links":{"self":[{"href":"https:\/\/terangafrika.com\/index.php?rest_route=\/wp\/v2\/product\/2236","targetHints":{"allow":["GET"]}}],"collection":[{"href":"https:\/\/terangafrika.com\/index.php?rest_route=\/wp\/v2\/product"}],"about":[{"href":"https:\/\/terangafrika.com\/index.php?rest_route=\/wp\/v2\/types\/product"}],"wp:featuredmedia":[{"embeddable":true,"href":"https:\/\/terangafrika.com\/index.php?rest_route=\/wp\/v2\/media\/1523"}],"wp:attachment":[{"href":"https:\/\/terangafrika.com\/index.php?rest_route=%2Fwp%2Fv2%2Fmedia&parent=2236"}],"wp:term":[{"taxonomy":"product_brand","embeddable":true,"href":"https:\/\/terangafrika.com\/index.php?rest_route=%2Fwp%2Fv2%2Fproduct_brand&post=2236"},{"taxonomy":"product_cat","embeddable":true,"href":"https:\/\/terangafrika.com\/index.php?rest_route=%2Fwp%2Fv2%2Fproduct_cat&post=2236"},{"taxonomy":"product_tag","embeddable":true,"href":"https:\/\/terangafrika.com\/index.php?rest_route=%2Fwp%2Fv2%2Fproduct_tag&post=2236"}],"curies":[{"name":"wp","href":"https:\/\/api.w.org\/{rel}","templated":true}]}}