{"id":2234,"date":"2025-07-14T00:07:29","date_gmt":"2025-07-14T00:07:29","guid":{"rendered":"https:\/\/terangafrika.com\/product\/bonbons-au-baobab-et-au-moringa\/"},"modified":"2025-07-14T00:07:29","modified_gmt":"2025-07-14T00:07:29","slug":"bonbons-au-baobab-et-au-moringa","status":"publish","type":"product","link":"https:\/\/terangafrika.com\/?product=bonbons-au-baobab-et-au-moringa","title":{"rendered":"Bonbons au baobab et au moringa"},"content":{"rendered":"<p>\ud83c\udf6c <em data-start=\"188\" data-end=\"237\">\u00c9nergie naturelle et saveurs africaines \u00e0 chaque bouch\u00e9e<\/em> \ud83c\udf3f<\/p>\n<p data-start=\"242\" data-end=\"258\"><strong data-start=\"242\" data-end=\"258\">Description :<\/strong><\/p>\n<p data-start=\"260\" data-end=\"568\">Nos <strong data-start=\"269\" data-end=\"302\">bonbons au baobab et au moringa<\/strong> sont des bonbons sains inspir\u00e9s de la tradition africaine. Ils associent le go\u00fbt fruit\u00e9 et acidul\u00e9 du <strong data-start=\"401\" data-end=\"411\">baobab<\/strong> aux propri\u00e9t\u00e9s nutritives du <strong data-start=\"449\" data-end=\"460\">moringa<\/strong>, connu sous le nom d'\u00a0\u00bbarbre de vie\u00a0\u00bb. Une combinaison savoureuse et naturelle, riche en bienfaits pour l&rsquo;organisme.  <\/p>\n<p data-start=\"570\" data-end=\"597\"><strong data-start=\"570\" data-end=\"597\">Ingr\u00e9dients naturels :<\/strong><\/p>\n<ul data-start=\"599\" data-end=\"793\">\n<li data-start=\"599\" data-end=\"670\">\n<p data-start=\"601\" data-end=\"670\">\ud83c\udf33 <strong data-start=\"604\" data-end=\"614\">Baobab<\/strong>: source naturelle de vitamine C, de calcium et d&rsquo;antioxydants<\/p>\n<\/li>\n<li data-start=\"671\" data-end=\"744\">\n<p data-start=\"673\" data-end=\"744\">\ud83c\udf3f <strong data-start=\"676\" data-end=\"687\">Moringa<\/strong>: riche en fer, en prot\u00e9ines v\u00e9g\u00e9tales et en vitamines A et E<\/p>\n<\/li>\n<li data-start=\"745\" data-end=\"793\">\n<p data-start=\"747\" data-end=\"793\">\ud83c\udf6f <strong data-start=\"750\" data-end=\"793\">Sans additifs ni colorants artificiels<\/strong><\/p>\n<\/li>\n<\/ul>\n<p data-start=\"795\" data-end=\"810\"><strong data-start=\"795\" data-end=\"810\">Avantages :<\/strong><\/p>\n<ul data-start=\"812\" data-end=\"977\">\n<li data-start=\"812\" data-end=\"849\">\n<p data-start=\"814\" data-end=\"849\">Renforcer le syst\u00e8me immunitaire<\/p>\n<\/li>\n<li data-start=\"850\" data-end=\"886\">\n<p data-start=\"852\" data-end=\"886\">Ils fournissent de l&rsquo;\u00e9nergie de mani\u00e8re naturelle<\/p>\n<\/li>\n<li data-start=\"887\" data-end=\"932\">\n<p data-start=\"889\" data-end=\"932\">Am\u00e9liorer la digestion et lutter contre la fatigue<\/p>\n<\/li>\n<li data-start=\"933\" data-end=\"977\">\n<p data-start=\"935\" data-end=\"977\">Une alternative saine pour les enfants et les adultes<\/p>\n<\/li>\n<\/ul>\n<p data-start=\"979\" data-end=\"1006\"><strong data-start=\"979\" data-end=\"1006\">Suggestions de consommation :<\/strong><\/p>\n<ul data-start=\"1008\" data-end=\"1155\">\n<li data-start=\"1008\" data-end=\"1053\">\n<p data-start=\"1010\" data-end=\"1053\">Un en-cas quotidien naturel et revitalisant<\/p>\n<\/li>\n<li data-start=\"1054\" data-end=\"1112\">\n<p data-start=\"1056\" data-end=\"1112\">Pour adoucir la gorge ou pr\u00e9venir les d\u00e9mangeaisons entre les repas<\/p>\n<\/li>\n<li data-start=\"1113\" data-end=\"1155\">\n<p data-start=\"1115\" data-end=\"1155\">Id\u00e9al pour vous accompagner partout<\/p>\n<\/li>\n<\/ul>\n","protected":false},"excerpt":{"rendered":"<p>\ud83c\udf6c \u00c9nergie naturelle et saveurs africaines \u00e0 chaque bouch\u00e9e \ud83c\udf3f Description : Nos bonbons au baobab et au moringa sont des bonbons sains inspir\u00e9s de la tradition africaine. Ils associent le go\u00fbt fruit\u00e9 et acidul\u00e9 du baobab aux propri\u00e9t\u00e9s nutritives du moringa, connu sous le nom d&rsquo;\u00a0\u00bbarbre de vie\u00a0\u00bb. Une combinaison savoureuse et naturelle, riche [&hellip;]<\/p>\n","protected":false},"featured_media":1519,"template":"","meta":[],"product_brand":[],"product_cat":[119,158],"product_tag":[],"class_list":{"0":"post-2234","1":"product","2":"type-product","3":"status-publish","4":"has-post-thumbnail","6":"product_cat-aliments-naturels","7":"product_cat-biscuits-et-sucreries","9":"first","10":"instock","11":"purchasable","12":"product-type-simple"},"_links":{"self":[{"href":"https:\/\/terangafrika.com\/index.php?rest_route=\/wp\/v2\/product\/2234","targetHints":{"allow":["GET"]}}],"collection":[{"href":"https:\/\/terangafrika.com\/index.php?rest_route=\/wp\/v2\/product"}],"about":[{"href":"https:\/\/terangafrika.com\/index.php?rest_route=\/wp\/v2\/types\/product"}],"wp:featuredmedia":[{"embeddable":true,"href":"https:\/\/terangafrika.com\/index.php?rest_route=\/wp\/v2\/media\/1519"}],"wp:attachment":[{"href":"https:\/\/terangafrika.com\/index.php?rest_route=%2Fwp%2Fv2%2Fmedia&parent=2234"}],"wp:term":[{"taxonomy":"product_brand","embeddable":true,"href":"https:\/\/terangafrika.com\/index.php?rest_route=%2Fwp%2Fv2%2Fproduct_brand&post=2234"},{"taxonomy":"product_cat","embeddable":true,"href":"https:\/\/terangafrika.com\/index.php?rest_route=%2Fwp%2Fv2%2Fproduct_cat&post=2234"},{"taxonomy":"product_tag","embeddable":true,"href":"https:\/\/terangafrika.com\/index.php?rest_route=%2Fwp%2Fv2%2Fproduct_tag&post=2234"}],"curies":[{"name":"wp","href":"https:\/\/api.w.org\/{rel}","templated":true}]}}