{"id":2057,"date":"2025-07-10T21:14:22","date_gmt":"2025-07-10T21:14:22","guid":{"rendered":"https:\/\/terangafrika.com\/product\/artemisia-savon-en-barre-a-lhibiscus\/"},"modified":"2025-07-10T21:14:22","modified_gmt":"2025-07-10T21:14:22","slug":"artemisia-savon-en-barre-a-lhibiscus","status":"publish","type":"product","link":"https:\/\/terangafrika.com\/?product=artemisia-savon-en-barre-a-lhibiscus","title":{"rendered":"Artemisia &#8211; Savon en barre \u00e0 l&rsquo;hibiscus"},"content":{"rendered":"<p data-start=\"156\" data-end=\"218\"><strong data-start=\"156\" data-end=\"218\">Nettoyage naturel et soin en profondeur pour tous les types de peau<\/strong><\/p>\n<p data-start=\"220\" data-end=\"447\">Notre savon artisanal associe les propri\u00e9t\u00e9s purifiantes de l&rsquo;<strong data-start=\"288\" data-end=\"301\">artemisia<\/strong> au pouvoir antioxydant et revitalisant de l&rsquo;<strong data-start=\"348\" data-end=\"359\">hibiscus<\/strong>, cr\u00e9ant ainsi une formule douce mais efficace qui nettoie en profondeur sans dess\u00e9cher la peau.<\/p>\n<p data-start=\"449\" data-end=\"728\">Enrichi en <strong data-start=\"465\" data-end=\"486\">beurre de karit\u00e9<\/strong> et en <strong data-start=\"489\" data-end=\"507\">huile de coco<\/strong>, ce savon nourrit et hydrate tout en aidant la peau \u00e0 rester fra\u00eeche, douce et \u00e9clatante. Id\u00e9al pour les peaux sensibles et normales, son utilisation quotidienne favorise la r\u00e9g\u00e9n\u00e9ration cellulaire et prot\u00e8ge contre le vieillissement pr\u00e9matur\u00e9. <\/p>\n<p data-start=\"730\" data-end=\"757\"><strong data-start=\"730\" data-end=\"757\">Principaux avantages :<\/strong><\/p>\n<ul data-start=\"758\" data-end=\"934\">\n<li data-start=\"758\" data-end=\"800\">\n<p data-start=\"760\" data-end=\"800\">Nettoyage en profondeur et effet apaisant.<\/p>\n<\/li>\n<li data-start=\"801\" data-end=\"842\">\n<p data-start=\"803\" data-end=\"842\">Riche en hydratation et en nutriments naturels.<\/p>\n<\/li>\n<li data-start=\"843\" data-end=\"890\">\n<p data-start=\"845\" data-end=\"890\">Propri\u00e9t\u00e9s antioxydantes et revitalisantes.<\/p>\n<\/li>\n<li data-start=\"891\" data-end=\"934\">\n<p data-start=\"893\" data-end=\"934\">Texture douce convenant aux peaux d\u00e9licates.<\/p>\n<\/li>\n<\/ul>\n<p data-start=\"936\" data-end=\"1007\">\ud83c\udf3f <strong data-start=\"939\" data-end=\"1007\">100% naturel | Vegan | Sans sulfate ni paraben | Fabriqu\u00e9 \u00e0 la main<\/strong><\/p>\n","protected":false},"excerpt":{"rendered":"<p>Nettoyage naturel et soin en profondeur pour tous les types de peau Notre savon artisanal associe les propri\u00e9t\u00e9s purifiantes de l&rsquo;artemisia au pouvoir antioxydant et revitalisant de l&rsquo;hibiscus, cr\u00e9ant ainsi une formule douce mais efficace qui nettoie en profondeur sans dess\u00e9cher la peau. Enrichi en beurre de karit\u00e9 et en huile de coco, ce savon [&hellip;]<\/p>\n","protected":false},"featured_media":1367,"template":"","meta":[],"product_brand":[],"product_cat":[144,145],"product_tag":[],"class_list":{"0":"post-2057","1":"product","2":"type-product","3":"status-publish","4":"has-post-thumbnail","6":"product_cat-artisanat-traditionnel-et-local","7":"product_cat-savons-faits-a-la-main","9":"first","10":"instock","11":"taxable","12":"shipping-taxable","13":"purchasable","14":"product-type-simple"},"_links":{"self":[{"href":"https:\/\/terangafrika.com\/index.php?rest_route=\/wp\/v2\/product\/2057","targetHints":{"allow":["GET"]}}],"collection":[{"href":"https:\/\/terangafrika.com\/index.php?rest_route=\/wp\/v2\/product"}],"about":[{"href":"https:\/\/terangafrika.com\/index.php?rest_route=\/wp\/v2\/types\/product"}],"wp:featuredmedia":[{"embeddable":true,"href":"https:\/\/terangafrika.com\/index.php?rest_route=\/wp\/v2\/media\/1367"}],"wp:attachment":[{"href":"https:\/\/terangafrika.com\/index.php?rest_route=%2Fwp%2Fv2%2Fmedia&parent=2057"}],"wp:term":[{"taxonomy":"product_brand","embeddable":true,"href":"https:\/\/terangafrika.com\/index.php?rest_route=%2Fwp%2Fv2%2Fproduct_brand&post=2057"},{"taxonomy":"product_cat","embeddable":true,"href":"https:\/\/terangafrika.com\/index.php?rest_route=%2Fwp%2Fv2%2Fproduct_cat&post=2057"},{"taxonomy":"product_tag","embeddable":true,"href":"https:\/\/terangafrika.com\/index.php?rest_route=%2Fwp%2Fv2%2Fproduct_tag&post=2057"}],"curies":[{"name":"wp","href":"https:\/\/api.w.org\/{rel}","templated":true}]}}