{"id":2049,"date":"2025-07-10T21:31:31","date_gmt":"2025-07-10T21:31:31","guid":{"rendered":"https:\/\/terangafrika.com\/product\/savon-de-moringa\/"},"modified":"2025-07-10T21:31:31","modified_gmt":"2025-07-10T21:31:31","slug":"savon-de-moringa","status":"publish","type":"product","link":"https:\/\/terangafrika.com\/?product=savon-de-moringa","title":{"rendered":"Savon de Moringa"},"content":{"rendered":"<p data-start=\"122\" data-end=\"168\"><strong data-start=\"122\" data-end=\"168\">Vitalit\u00e9 et nutrition naturelle pour votre peau<\/strong><\/p>\n<p data-start=\"170\" data-end=\"496\">D\u00e9couvrez notre s\u00e9lection de savons naturels, fabriqu\u00e9s \u00e0 la main pour prendre soin de tous les types de peau et de tous les teints, m\u00eame les plus d\u00e9licats.<br data-start=\"298\" data-end=\"301\">Riche en beurre de karit\u00e9, en huile de noix de coco et en autres ingr\u00e9dients nourrissants enti\u00e8rement naturels, nos savons en pain doux garderont votre peau propre, hydrat\u00e9e et profond\u00e9ment hydrat\u00e9e.<\/p>\n<p data-start=\"498\" data-end=\"775\"><strong data-start=\"501\" data-end=\"521\">Le savon au moringa<\/strong> se distingue par sa forte concentration en vitamines, min\u00e9raux et antioxydants qui contribuent \u00e0 revitaliser la peau, \u00e0 renforcer ses d\u00e9fenses naturelles et \u00e0 la maintenir saine et \u00e9clatante. Id\u00e9al pour les soins quotidiens qui favorisent l&rsquo;\u00e9nergie et le bien-\u00eatre de la peau. <\/p>\n<p data-start=\"777\" data-end=\"804\"><strong data-start=\"777\" data-end=\"804\">Principaux avantages :<\/strong><\/p>\n<ul data-start=\"805\" data-end=\"982\">\n<li data-start=\"805\" data-end=\"836\">\n<p data-start=\"807\" data-end=\"836\">Nettoyage doux et nourrissant.<\/p>\n<\/li>\n<li data-start=\"837\" data-end=\"884\">\n<p data-start=\"839\" data-end=\"884\">Riche en antioxydants qui prot\u00e8gent la peau.<\/p>\n<\/li>\n<li data-start=\"885\" data-end=\"924\">\n<p data-start=\"887\" data-end=\"924\">Hydrate et revitalise en profondeur.<\/p>\n<\/li>\n<li data-start=\"925\" data-end=\"982\">\n<p data-start=\"927\" data-end=\"982\">Convient \u00e0 tous les types de peau, m\u00eame les plus sensibles.<\/p>\n<\/li>\n<\/ul>\n<p data-start=\"984\" data-end=\"1052\">\ud83c\udf3f <strong data-start=\"987\" data-end=\"1052\">100% naturel | Vegan | Fait \u00e0 la main | Sans produits chimiques agressifs<\/strong><\/p>\n<p data-start=\"1054\" data-end=\"1183\">D\u00e9couvrez le pouvoir nourrissant et revitalisant du <strong data-start=\"1105\" data-end=\"1134\">savon Moringa<\/strong> pour une peau propre, hydrat\u00e9e et pleine de vie.<\/p>\n","protected":false},"excerpt":{"rendered":"<p>Vitalit\u00e9 et nutrition naturelle pour votre peau D\u00e9couvrez notre s\u00e9lection de savons naturels, fabriqu\u00e9s \u00e0 la main pour prendre soin de tous les types de peau et de tous les teints, m\u00eame les plus d\u00e9licats.Riche en beurre de karit\u00e9, en huile de noix de coco et en autres ingr\u00e9dients nourrissants enti\u00e8rement naturels, nos savons en [&hellip;]<\/p>\n","protected":false},"featured_media":1385,"template":"","meta":[],"product_brand":[],"product_cat":[144,145],"product_tag":[],"class_list":{"0":"post-2049","1":"product","2":"type-product","3":"status-publish","4":"has-post-thumbnail","6":"product_cat-artisanat-traditionnel-et-local","7":"product_cat-savons-faits-a-la-main","9":"first","10":"instock","11":"taxable","12":"shipping-taxable","13":"purchasable","14":"product-type-simple"},"_links":{"self":[{"href":"https:\/\/terangafrika.com\/index.php?rest_route=\/wp\/v2\/product\/2049","targetHints":{"allow":["GET"]}}],"collection":[{"href":"https:\/\/terangafrika.com\/index.php?rest_route=\/wp\/v2\/product"}],"about":[{"href":"https:\/\/terangafrika.com\/index.php?rest_route=\/wp\/v2\/types\/product"}],"wp:featuredmedia":[{"embeddable":true,"href":"https:\/\/terangafrika.com\/index.php?rest_route=\/wp\/v2\/media\/1385"}],"wp:attachment":[{"href":"https:\/\/terangafrika.com\/index.php?rest_route=%2Fwp%2Fv2%2Fmedia&parent=2049"}],"wp:term":[{"taxonomy":"product_brand","embeddable":true,"href":"https:\/\/terangafrika.com\/index.php?rest_route=%2Fwp%2Fv2%2Fproduct_brand&post=2049"},{"taxonomy":"product_cat","embeddable":true,"href":"https:\/\/terangafrika.com\/index.php?rest_route=%2Fwp%2Fv2%2Fproduct_cat&post=2049"},{"taxonomy":"product_tag","embeddable":true,"href":"https:\/\/terangafrika.com\/index.php?rest_route=%2Fwp%2Fv2%2Fproduct_tag&post=2049"}],"curies":[{"name":"wp","href":"https:\/\/api.w.org\/{rel}","templated":true}]}}