{"id":2045,"date":"2025-07-10T21:34:30","date_gmt":"2025-07-10T21:34:30","guid":{"rendered":"https:\/\/terangafrika.com\/product\/artemisia-afra-pet-soap-bar-neem\/"},"modified":"2025-07-10T21:34:30","modified_gmt":"2025-07-10T21:34:30","slug":"artemisia-afra-pet-soap-bar-neem","status":"publish","type":"product","link":"https:\/\/terangafrika.com\/?product=artemisia-afra-pet-soap-bar-neem","title":{"rendered":"Artemisia Afra Pet Soap Bar &#8211; Neem"},"content":{"rendered":"<p data-start=\"179\" data-end=\"245\"><strong data-start=\"179\" data-end=\"245\">Soins doux et naturels pour la peau et le pelage de votre animal de compagnie<\/strong><\/p>\n<p data-start=\"247\" data-end=\"569\">D\u00e9couvrez notre savon naturel pour animaux de compagnie, fabriqu\u00e9 \u00e0 la main pour prendre soin des peaux les plus sensibles.<br data-start=\"351\" data-end=\"354\">Enrichi en beurre de karit\u00e9, huile de coco et autres ingr\u00e9dients nourrissants 100% naturels, ce savon doux nettoie, hydrate et prot\u00e8ge la peau et le pelage de votre animal, les gardant sains et brillants.<\/p>\n<p data-start=\"571\" data-end=\"598\"><strong data-start=\"571\" data-end=\"598\">Principaux avantages :<\/strong><\/p>\n<ul data-start=\"599\" data-end=\"806\">\n<li data-start=\"599\" data-end=\"652\">\n<p data-start=\"601\" data-end=\"652\">Nettoyage doux et efficace pour les peaux sensibles.<\/p>\n<\/li>\n<li data-start=\"653\" data-end=\"711\">\n<p data-start=\"655\" data-end=\"711\">Hydratation en profondeur qui prot\u00e8ge du dess\u00e8chement.<\/p>\n<\/li>\n<li data-start=\"712\" data-end=\"770\">\n<p data-start=\"714\" data-end=\"770\">Des ingr\u00e9dients naturels qui prennent soin du pelage et de la peau.<\/p>\n<\/li>\n<li data-start=\"771\" data-end=\"806\">\n<p data-start=\"773\" data-end=\"806\">Id\u00e9al pour tous les types d&rsquo;animaux.<\/p>\n<\/li>\n<\/ul>\n<p data-start=\"808\" data-end=\"867\">\ud83c\udf3f <strong data-start=\"811\" data-end=\"867\">100% naturel | fait \u00e0 la main | sans produits chimiques agressifs<\/strong><\/p>\n<p data-start=\"869\" data-end=\"1015\">Donnez \u00e0 votre animal de compagnie des soins naturels avec <strong data-start=\"920\" data-end=\"960\">Artemisia Afra &#8211; Neem Soap Bar<\/strong> pour une peau propre et hydrat\u00e9e et un pelage radieux.<\/p>\n","protected":false},"excerpt":{"rendered":"<p>Soins doux et naturels pour la peau et le pelage de votre animal de compagnie D\u00e9couvrez notre savon naturel pour animaux de compagnie, fabriqu\u00e9 \u00e0 la main pour prendre soin des peaux les plus sensibles.Enrichi en beurre de karit\u00e9, huile de coco et autres ingr\u00e9dients nourrissants 100% naturels, ce savon doux nettoie, hydrate et prot\u00e8ge [&hellip;]<\/p>\n","protected":false},"featured_media":1389,"template":"","meta":[],"product_brand":[],"product_cat":[144,145],"product_tag":[],"class_list":{"0":"post-2045","1":"product","2":"type-product","3":"status-publish","4":"has-post-thumbnail","6":"product_cat-artisanat-traditionnel-et-local","7":"product_cat-savons-faits-a-la-main","9":"first","10":"instock","11":"taxable","12":"shipping-taxable","13":"purchasable","14":"product-type-simple"},"_links":{"self":[{"href":"https:\/\/terangafrika.com\/index.php?rest_route=\/wp\/v2\/product\/2045","targetHints":{"allow":["GET"]}}],"collection":[{"href":"https:\/\/terangafrika.com\/index.php?rest_route=\/wp\/v2\/product"}],"about":[{"href":"https:\/\/terangafrika.com\/index.php?rest_route=\/wp\/v2\/types\/product"}],"wp:featuredmedia":[{"embeddable":true,"href":"https:\/\/terangafrika.com\/index.php?rest_route=\/wp\/v2\/media\/1389"}],"wp:attachment":[{"href":"https:\/\/terangafrika.com\/index.php?rest_route=%2Fwp%2Fv2%2Fmedia&parent=2045"}],"wp:term":[{"taxonomy":"product_brand","embeddable":true,"href":"https:\/\/terangafrika.com\/index.php?rest_route=%2Fwp%2Fv2%2Fproduct_brand&post=2045"},{"taxonomy":"product_cat","embeddable":true,"href":"https:\/\/terangafrika.com\/index.php?rest_route=%2Fwp%2Fv2%2Fproduct_cat&post=2045"},{"taxonomy":"product_tag","embeddable":true,"href":"https:\/\/terangafrika.com\/index.php?rest_route=%2Fwp%2Fv2%2Fproduct_tag&post=2045"}],"curies":[{"name":"wp","href":"https:\/\/api.w.org\/{rel}","templated":true}]}}