{"id":2041,"date":"2025-07-10T21:54:26","date_gmt":"2025-07-10T21:54:26","guid":{"rendered":"https:\/\/terangafrika.com\/product\/confiture-artisanale-de-seigle-et-de-guanaba-100-naturelle\/"},"modified":"2025-07-10T21:54:26","modified_gmt":"2025-07-10T21:54:26","slug":"confiture-artisanale-de-seigle-et-de-guanaba-100-naturelle","status":"publish","type":"product","link":"https:\/\/terangafrika.com\/?product=confiture-artisanale-de-seigle-et-de-guanaba-100-naturelle","title":{"rendered":"Confiture artisanale de seigle et de guanaba 100% naturelle"},"content":{"rendered":"<p data-start=\"69\" data-end=\"378\">Savourez la fusion exotique du bouye (fruit du baobab) et du corossol dans cette confiture artisanale fabriqu\u00e9e \u00e0 partir de fruits locaux non trait\u00e9s. Cuite lentement selon des m\u00e9thodes traditionnelles, elle conserve toute la saveur et les bienfaits naturels de ses ingr\u00e9dients. <\/p>\n<p data-start=\"380\" data-end=\"575\">Pr\u00e9sent\u00e9e dans un pot d\u00e9cor\u00e9 d&rsquo;un authentique tissu Wax, cette confiture allie saveur, tradition et \u00e9l\u00e9gance. Elle est id\u00e9ale pour accompagner le petit-d\u00e9jeuner, les desserts ou pour offrir un cadeau original et gourmand. <\/p>\n<p data-start=\"577\" data-end=\"756\">\ud83d\udfe0 <strong data-start=\"580\" data-end=\"596\">Ingr\u00e9dients<\/strong>: Bouye, corossol, sucre de canne, citron<br data-start=\"636\" data-end=\"639\">\ud83d\udfe0 <strong data-start=\"709\" data-end=\"756\">100% naturel &#8211; Sans additif ni conservateur<\/strong>.<\/p>\n","protected":false},"excerpt":{"rendered":"<p>Savourez la fusion exotique du bouye (fruit du baobab) et du corossol dans cette confiture artisanale fabriqu\u00e9e \u00e0 partir de fruits locaux non trait\u00e9s. Cuite lentement selon des m\u00e9thodes traditionnelles, elle conserve toute la saveur et les bienfaits naturels de ses ingr\u00e9dients. Pr\u00e9sent\u00e9e dans un pot d\u00e9cor\u00e9 d&rsquo;un authentique tissu Wax, cette confiture allie saveur, [&hellip;]<\/p>\n","protected":false},"featured_media":1393,"template":"","meta":[],"product_brand":[],"product_cat":[119,134],"product_tag":[],"class_list":{"0":"post-2041","1":"product","2":"type-product","3":"status-publish","4":"has-post-thumbnail","6":"product_cat-aliments-naturels","7":"product_cat-miel-et-confitures-naturelles","9":"first","10":"instock","11":"taxable","12":"shipping-taxable","13":"purchasable","14":"product-type-simple"},"_links":{"self":[{"href":"https:\/\/terangafrika.com\/index.php?rest_route=\/wp\/v2\/product\/2041","targetHints":{"allow":["GET"]}}],"collection":[{"href":"https:\/\/terangafrika.com\/index.php?rest_route=\/wp\/v2\/product"}],"about":[{"href":"https:\/\/terangafrika.com\/index.php?rest_route=\/wp\/v2\/types\/product"}],"wp:featuredmedia":[{"embeddable":true,"href":"https:\/\/terangafrika.com\/index.php?rest_route=\/wp\/v2\/media\/1393"}],"wp:attachment":[{"href":"https:\/\/terangafrika.com\/index.php?rest_route=%2Fwp%2Fv2%2Fmedia&parent=2041"}],"wp:term":[{"taxonomy":"product_brand","embeddable":true,"href":"https:\/\/terangafrika.com\/index.php?rest_route=%2Fwp%2Fv2%2Fproduct_brand&post=2041"},{"taxonomy":"product_cat","embeddable":true,"href":"https:\/\/terangafrika.com\/index.php?rest_route=%2Fwp%2Fv2%2Fproduct_cat&post=2041"},{"taxonomy":"product_tag","embeddable":true,"href":"https:\/\/terangafrika.com\/index.php?rest_route=%2Fwp%2Fv2%2Fproduct_tag&post=2041"}],"curies":[{"name":"wp","href":"https:\/\/api.w.org\/{rel}","templated":true}]}}