{"id":2006,"date":"2025-07-10T23:07:05","date_gmt":"2025-07-10T23:07:05","guid":{"rendered":"https:\/\/terangafrika.com\/product\/jus-de-cajou-naturel-fruit-de-la-noix-de-cajou\/"},"modified":"2025-07-10T23:07:05","modified_gmt":"2025-07-10T23:07:05","slug":"jus-de-cajou-naturel-fruit-de-la-noix-de-cajou","status":"publish","type":"product","link":"https:\/\/terangafrika.com\/?product=jus-de-cajou-naturel-fruit-de-la-noix-de-cajou","title":{"rendered":"Jus de cajou naturel (fruit de la noix de cajou)"},"content":{"rendered":"<p data-start=\"209\" data-end=\"478\">D\u00e9gustez le jus de cajou, fabriqu\u00e9 \u00e0 partir du fruit charnu de l&rsquo;anacardier, peu connu mais tr\u00e8s appr\u00e9ci\u00e9 pour son go\u00fbt doux, fruit\u00e9 et l\u00e9g\u00e8rement acidul\u00e9. Ce jus artisanal 100% naturel est fabriqu\u00e9 \u00e0 partir de pulpe fra\u00eeche et conserve toutes ses propri\u00e9t\u00e9s nutritionnelles. <\/p>\n<p data-start=\"480\" data-end=\"660\">Riche en vitamine C, en antioxydants et en min\u00e9raux, le jus de cajou est une boisson exotique, rafra\u00eechissante et saine, id\u00e9ale pour une hydratation naturelle \u00e0 tout moment de la journ\u00e9e.<\/p>\n<p data-start=\"662\" data-end=\"885\">\ud83d\udfe0 <strong data-start=\"665\" data-end=\"681\">Ingr\u00e9dients<\/strong>: Pulpe de fruits de cajou, eau, sucre de canne (en juste quantit\u00e9)<br data-start=\"757\" data-end=\"760\">\ud83d\udfe0 <strong data-start=\"763\" data-end=\"812\">100% naturel &#8211; Sans colorant ni conservateur<\/strong><br data-start=\"812\" data-end=\"815\">\ud83d\udfe0 <strong data-start=\"818\" data-end=\"885\">D\u00e9licieux \u00e0 boire froid, seul ou en accompagnement de repas l\u00e9gers.<\/strong><\/p>\n","protected":false},"excerpt":{"rendered":"<p>D\u00e9gustez le jus de cajou, fabriqu\u00e9 \u00e0 partir du fruit charnu de l&rsquo;anacardier, peu connu mais tr\u00e8s appr\u00e9ci\u00e9 pour son go\u00fbt doux, fruit\u00e9 et l\u00e9g\u00e8rement acidul\u00e9. Ce jus artisanal 100% naturel est fabriqu\u00e9 \u00e0 partir de pulpe fra\u00eeche et conserve toutes ses propri\u00e9t\u00e9s nutritionnelles. Riche en vitamine C, en antioxydants et en min\u00e9raux, le jus [&hellip;]<\/p>\n","protected":false},"featured_media":1431,"template":"","meta":[],"product_brand":[],"product_cat":[119,151],"product_tag":[],"class_list":{"0":"post-2006","1":"product","2":"type-product","3":"status-publish","4":"has-post-thumbnail","6":"product_cat-aliments-naturels","7":"product_cat-jus-naturels","9":"first","10":"instock","11":"taxable","12":"shipping-taxable","13":"purchasable","14":"product-type-simple"},"_links":{"self":[{"href":"https:\/\/terangafrika.com\/index.php?rest_route=\/wp\/v2\/product\/2006","targetHints":{"allow":["GET"]}}],"collection":[{"href":"https:\/\/terangafrika.com\/index.php?rest_route=\/wp\/v2\/product"}],"about":[{"href":"https:\/\/terangafrika.com\/index.php?rest_route=\/wp\/v2\/types\/product"}],"wp:featuredmedia":[{"embeddable":true,"href":"https:\/\/terangafrika.com\/index.php?rest_route=\/wp\/v2\/media\/1431"}],"wp:attachment":[{"href":"https:\/\/terangafrika.com\/index.php?rest_route=%2Fwp%2Fv2%2Fmedia&parent=2006"}],"wp:term":[{"taxonomy":"product_brand","embeddable":true,"href":"https:\/\/terangafrika.com\/index.php?rest_route=%2Fwp%2Fv2%2Fproduct_brand&post=2006"},{"taxonomy":"product_cat","embeddable":true,"href":"https:\/\/terangafrika.com\/index.php?rest_route=%2Fwp%2Fv2%2Fproduct_cat&post=2006"},{"taxonomy":"product_tag","embeddable":true,"href":"https:\/\/terangafrika.com\/index.php?rest_route=%2Fwp%2Fv2%2Fproduct_tag&post=2006"}],"curies":[{"name":"wp","href":"https:\/\/api.w.org\/{rel}","templated":true}]}}