{"id":1996,"date":"2025-07-10T23:29:05","date_gmt":"2025-07-10T23:29:05","guid":{"rendered":"https:\/\/terangafrika.com\/product\/sirop-naturel-de-ditakh\/"},"modified":"2025-07-10T23:29:05","modified_gmt":"2025-07-10T23:29:05","slug":"sirop-naturel-de-ditakh","status":"publish","type":"product","link":"https:\/\/terangafrika.com\/?product=sirop-naturel-de-ditakh","title":{"rendered":"Sirop naturel de Ditakh"},"content":{"rendered":"<p data-start=\"149\" data-end=\"445\">Savourez l&rsquo;intensit\u00e9 du <strong data-start=\"175\" data-end=\"185\">ditakh<\/strong>, un fruit sauvage africain riche en vitamine C et en antioxydants, transform\u00e9 en un sirop artisanal naturel au go\u00fbt rafra\u00eechissant et l\u00e9g\u00e8rement acidul\u00e9. Lentement mijot\u00e9 avec de la pulpe fra\u00eeche, ce sirop pr\u00e9serve toutes les propri\u00e9t\u00e9s nutritionnelles du fruit. <\/p>\n<p data-start=\"447\" data-end=\"619\">Parfait pour sucrer les boissons froides, les cocktails, les tisanes, les yaourts, les glaces ou les desserts, le sirop de ditakh apporte une touche exotique et saine \u00e0 vos recettes de tous les jours.<\/p>\n<p data-start=\"621\" data-end=\"803\">\ud83d\udfe0 <strong data-start=\"624\" data-end=\"640\">Ingr\u00e9dients<\/strong>: Pulpe de Ditakh, sucre de canne, eau, citron<br data-start=\"686\" data-end=\"689\">\ud83d\udfe0 <strong data-start=\"692\" data-end=\"741\">100% naturel &#8211; Sans colorant ni conservateur<\/strong><br data-start=\"741\" data-end=\"744\">\ud83d\udfe0 <strong data-start=\"747\" data-end=\"803\">Produit artisanal &#8211; Go\u00fbt authentique et revitalisant<\/strong><\/p>\n","protected":false},"excerpt":{"rendered":"<p>Savourez l&rsquo;intensit\u00e9 du ditakh, un fruit sauvage africain riche en vitamine C et en antioxydants, transform\u00e9 en un sirop artisanal naturel au go\u00fbt rafra\u00eechissant et l\u00e9g\u00e8rement acidul\u00e9. Lentement mijot\u00e9 avec de la pulpe fra\u00eeche, ce sirop pr\u00e9serve toutes les propri\u00e9t\u00e9s nutritionnelles du fruit. Parfait pour sucrer les boissons froides, les cocktails, les tisanes, les yaourts, [&hellip;]<\/p>\n","protected":false},"featured_media":1441,"template":"","meta":[],"product_brand":[],"product_cat":[119,149],"product_tag":[],"class_list":{"0":"post-1996","1":"product","2":"type-product","3":"status-publish","4":"has-post-thumbnail","6":"product_cat-aliments-naturels","7":"product_cat-sirops-naturels","9":"first","10":"instock","11":"purchasable","12":"product-type-simple"},"_links":{"self":[{"href":"https:\/\/terangafrika.com\/index.php?rest_route=\/wp\/v2\/product\/1996","targetHints":{"allow":["GET"]}}],"collection":[{"href":"https:\/\/terangafrika.com\/index.php?rest_route=\/wp\/v2\/product"}],"about":[{"href":"https:\/\/terangafrika.com\/index.php?rest_route=\/wp\/v2\/types\/product"}],"wp:featuredmedia":[{"embeddable":true,"href":"https:\/\/terangafrika.com\/index.php?rest_route=\/wp\/v2\/media\/1441"}],"wp:attachment":[{"href":"https:\/\/terangafrika.com\/index.php?rest_route=%2Fwp%2Fv2%2Fmedia&parent=1996"}],"wp:term":[{"taxonomy":"product_brand","embeddable":true,"href":"https:\/\/terangafrika.com\/index.php?rest_route=%2Fwp%2Fv2%2Fproduct_brand&post=1996"},{"taxonomy":"product_cat","embeddable":true,"href":"https:\/\/terangafrika.com\/index.php?rest_route=%2Fwp%2Fv2%2Fproduct_cat&post=1996"},{"taxonomy":"product_tag","embeddable":true,"href":"https:\/\/terangafrika.com\/index.php?rest_route=%2Fwp%2Fv2%2Fproduct_tag&post=1996"}],"curies":[{"name":"wp","href":"https:\/\/api.w.org\/{rel}","templated":true}]}}