{"id":1994,"date":"2025-07-10T23:34:06","date_gmt":"2025-07-10T23:34:06","guid":{"rendered":"https:\/\/terangafrika.com\/product\/sirop-de-gingembre-naturel\/"},"modified":"2025-07-30T21:51:37","modified_gmt":"2025-07-30T21:51:37","slug":"sirop-de-gingembre-naturel","status":"publish","type":"product","link":"https:\/\/terangafrika.com\/?product=sirop-de-gingembre-naturel","title":{"rendered":"Sirop de gingembre naturel"},"content":{"rendered":"<p data-start=\"122\" data-end=\"410\">D\u00e9couvrez la saveur \u00e9pic\u00e9e et revitalisante du gingembre dans ce sirop artisanal naturel, fabriqu\u00e9 \u00e0 partir de racines fra\u00eeches et mijot\u00e9 pour pr\u00e9server tout son ar\u00f4me et ses propri\u00e9t\u00e9s b\u00e9n\u00e9fiques pour la sant\u00e9. Id\u00e9al pour ajouter une touche \u00e9nergique et \u00e9pic\u00e9e \u00e0 vos boissons, desserts et recettes pr\u00e9f\u00e9r\u00e9s. <\/p>\n<p data-start=\"412\" data-end=\"520\">Parfait pour les th\u00e9s, les cocktails, les vinaigrettes ou simplement pour sucrer avec une touche naturelle et saine.<\/p>\n<p data-start=\"522\" data-end=\"700\">\ud83d\udfe0 <strong data-start=\"525\" data-end=\"541\">Ingr\u00e9dients<\/strong>: Gingembre frais, sucre de canne, eau, citron<br data-start=\"587\" data-end=\"590\">\ud83d\udfe0 <strong data-start=\"593\" data-end=\"642\">100% naturel &#8211; Sans colorant ni conservateur<\/strong><br data-start=\"642\" data-end=\"645\">\ud83d\udfe0 <strong data-start=\"648\" data-end=\"700\">Produit artisanal &#8211; Go\u00fbt intense et rafra\u00eechissant<\/strong><\/p>\n","protected":false},"excerpt":{"rendered":"<p>D\u00e9couvrez la saveur \u00e9pic\u00e9e et revitalisante du gingembre dans ce sirop artisanal naturel, fabriqu\u00e9 \u00e0 partir de racines fra\u00eeches et mijot\u00e9 pour pr\u00e9server tout son ar\u00f4me et ses propri\u00e9t\u00e9s b\u00e9n\u00e9fiques pour la sant\u00e9. Id\u00e9al pour ajouter une touche \u00e9nergique et \u00e9pic\u00e9e \u00e0 vos boissons, desserts et recettes pr\u00e9f\u00e9r\u00e9s. Parfait pour les th\u00e9s, les cocktails, les [&hellip;]<\/p>\n","protected":false},"featured_media":1447,"template":"","meta":[],"product_brand":[],"product_cat":[119,149],"product_tag":[],"class_list":{"0":"post-1994","1":"product","2":"type-product","3":"status-publish","4":"has-post-thumbnail","6":"product_cat-aliments-naturels","7":"product_cat-sirops-naturels","9":"first","10":"instock","11":"purchasable","12":"product-type-simple"},"_links":{"self":[{"href":"https:\/\/terangafrika.com\/index.php?rest_route=\/wp\/v2\/product\/1994","targetHints":{"allow":["GET"]}}],"collection":[{"href":"https:\/\/terangafrika.com\/index.php?rest_route=\/wp\/v2\/product"}],"about":[{"href":"https:\/\/terangafrika.com\/index.php?rest_route=\/wp\/v2\/types\/product"}],"wp:featuredmedia":[{"embeddable":true,"href":"https:\/\/terangafrika.com\/index.php?rest_route=\/wp\/v2\/media\/1447"}],"wp:attachment":[{"href":"https:\/\/terangafrika.com\/index.php?rest_route=%2Fwp%2Fv2%2Fmedia&parent=1994"}],"wp:term":[{"taxonomy":"product_brand","embeddable":true,"href":"https:\/\/terangafrika.com\/index.php?rest_route=%2Fwp%2Fv2%2Fproduct_brand&post=1994"},{"taxonomy":"product_cat","embeddable":true,"href":"https:\/\/terangafrika.com\/index.php?rest_route=%2Fwp%2Fv2%2Fproduct_cat&post=1994"},{"taxonomy":"product_tag","embeddable":true,"href":"https:\/\/terangafrika.com\/index.php?rest_route=%2Fwp%2Fv2%2Fproduct_tag&post=1994"}],"curies":[{"name":"wp","href":"https:\/\/api.w.org\/{rel}","templated":true}]}}