{"id":1968,"date":"2025-07-10T21:21:25","date_gmt":"2025-07-10T21:21:25","guid":{"rendered":"https:\/\/terangafrika.com\/product\/savon-en-barre-detox-pour-hommes-charbon-actif\/"},"modified":"2025-07-10T21:21:25","modified_gmt":"2025-07-10T21:21:25","slug":"savon-en-barre-detox-pour-hommes-charbon-actif","status":"publish","type":"product","link":"https:\/\/terangafrika.com\/?product=savon-en-barre-detox-pour-hommes-charbon-actif","title":{"rendered":"Savon en barre D\u00e9tox pour hommes &#8211; Charbon actif"},"content":{"rendered":"<p data-start=\"175\" data-end=\"242\"><strong data-start=\"175\" data-end=\"242\">Nettoyage en profondeur et purification naturelle de la peau masculine<\/strong><\/p>\n<p data-start=\"244\" data-end=\"564\">D\u00e9couvrez notre s\u00e9lection de savons naturels, fabriqu\u00e9s \u00e0 la main pour prendre soin de tous les types de peau et de tous les teints, m\u00eame les plus d\u00e9licats.<br data-start=\"372\" data-end=\"375\">Riche en beurre de karit\u00e9, en huile de noix de coco et autres ingr\u00e9dients nourrissants 100% naturels, nos savons en pain doux garderont votre peau propre, hydrat\u00e9e et bien hydrat\u00e9e.<\/p>\n<p data-start=\"566\" data-end=\"854\">Le <strong data-start=\"569\" data-end=\"598\">savon au charbon actif<\/strong> est sp\u00e9cialement formul\u00e9 pour les hommes \u00e0 la recherche d&rsquo;un nettoyage efficace en profondeur. Le charbon actif agit comme un aimant naturel qui attire et \u00e9limine les impuret\u00e9s, les toxines et l&rsquo;exc\u00e8s de s\u00e9bum, laissant la peau fra\u00eeche, purifi\u00e9e et sans brillance ind\u00e9sirable. <\/p>\n<p data-start=\"856\" data-end=\"883\"><strong data-start=\"856\" data-end=\"883\">Principaux avantages :<\/strong><\/p>\n<ul data-start=\"884\" data-end=\"1116\">\n<li data-start=\"884\" data-end=\"923\">\n<p data-start=\"886\" data-end=\"923\">Nettoyage en profondeur et d\u00e9sintoxication.<\/p>\n<\/li>\n<li data-start=\"924\" data-end=\"986\">\n<p data-start=\"926\" data-end=\"986\">Contr\u00f4le l&rsquo;exc\u00e8s de s\u00e9bum et r\u00e9duit l&rsquo;obstruction des pores.<\/p>\n<\/li>\n<li data-start=\"987\" data-end=\"1060\">\n<p data-start=\"989\" data-end=\"1060\">Hydrate et adoucit gr\u00e2ce au beurre de karit\u00e9 et \u00e0 l&rsquo;huile de coco.<\/p>\n<\/li>\n<li data-start=\"1061\" data-end=\"1116\">\n<p data-start=\"1063\" data-end=\"1116\">Id\u00e9al pour une utilisation quotidienne sur tous les types de peau masculine.<\/p>\n<\/li>\n<\/ul>\n<p data-start=\"1118\" data-end=\"1181\">\ud83c\udf3f <strong data-start=\"1121\" data-end=\"1181\">Naturel | V\u00e9g\u00e9talien | Sans produits chimiques agressifs | Fabriqu\u00e9 \u00e0 la main<\/strong><\/p>\n<p data-start=\"1183\" data-end=\"1321\">D\u00e9couvrez le pouvoir purifiant et rafra\u00eechissant du <strong data-start=\"1234\" data-end=\"1281\">savon Detox pour hommes au charbon actif<\/strong> et donnez \u00e0 votre peau le soin qu&rsquo;elle m\u00e9rite.<\/p>\n","protected":false},"excerpt":{"rendered":"<p>Nettoyage en profondeur et purification naturelle de la peau masculine D\u00e9couvrez notre s\u00e9lection de savons naturels, fabriqu\u00e9s \u00e0 la main pour prendre soin de tous les types de peau et de tous les teints, m\u00eame les plus d\u00e9licats.Riche en beurre de karit\u00e9, en huile de noix de coco et autres ingr\u00e9dients nourrissants 100% naturels, nos [&hellip;]<\/p>\n","protected":false},"featured_media":1373,"template":"","meta":[],"product_brand":[],"product_cat":[144,145],"product_tag":[],"class_list":{"0":"post-1968","1":"product","2":"type-product","3":"status-publish","4":"has-post-thumbnail","6":"product_cat-artisanat-traditionnel-et-local","7":"product_cat-savons-faits-a-la-main","9":"first","10":"instock","11":"taxable","12":"shipping-taxable","13":"purchasable","14":"product-type-simple"},"_links":{"self":[{"href":"https:\/\/terangafrika.com\/index.php?rest_route=\/wp\/v2\/product\/1968","targetHints":{"allow":["GET"]}}],"collection":[{"href":"https:\/\/terangafrika.com\/index.php?rest_route=\/wp\/v2\/product"}],"about":[{"href":"https:\/\/terangafrika.com\/index.php?rest_route=\/wp\/v2\/types\/product"}],"wp:featuredmedia":[{"embeddable":true,"href":"https:\/\/terangafrika.com\/index.php?rest_route=\/wp\/v2\/media\/1373"}],"wp:attachment":[{"href":"https:\/\/terangafrika.com\/index.php?rest_route=%2Fwp%2Fv2%2Fmedia&parent=1968"}],"wp:term":[{"taxonomy":"product_brand","embeddable":true,"href":"https:\/\/terangafrika.com\/index.php?rest_route=%2Fwp%2Fv2%2Fproduct_brand&post=1968"},{"taxonomy":"product_cat","embeddable":true,"href":"https:\/\/terangafrika.com\/index.php?rest_route=%2Fwp%2Fv2%2Fproduct_cat&post=1968"},{"taxonomy":"product_tag","embeddable":true,"href":"https:\/\/terangafrika.com\/index.php?rest_route=%2Fwp%2Fv2%2Fproduct_tag&post=1968"}],"curies":[{"name":"wp","href":"https:\/\/api.w.org\/{rel}","templated":true}]}}