{"id":1964,"date":"2025-07-10T21:23:23","date_gmt":"2025-07-10T21:23:23","guid":{"rendered":"https:\/\/terangafrika.com\/product\/savon-de-rasage-noix-de-coco-et-moringa\/"},"modified":"2025-07-10T21:23:23","modified_gmt":"2025-07-10T21:23:23","slug":"savon-de-rasage-noix-de-coco-et-moringa","status":"publish","type":"product","link":"https:\/\/terangafrika.com\/?product=savon-de-rasage-noix-de-coco-et-moringa","title":{"rendered":"Savon de rasage &#8211; noix de coco et moringa"},"content":{"rendered":"<p data-start=\"181\" data-end=\"235\"><strong data-start=\"181\" data-end=\"235\">Un soin naturel et doux pour un rasage parfait<\/strong><\/p>\n<p data-start=\"237\" data-end=\"557\">D\u00e9couvrez notre s\u00e9lection de savons naturels, fabriqu\u00e9s \u00e0 la main pour prendre soin de tous les types de peau et de tous les teints, m\u00eame les plus d\u00e9licats.<br data-start=\"365\" data-end=\"368\">Riche en beurre de karit\u00e9, en huile de noix de coco et autres ingr\u00e9dients nourrissants 100% naturels, nos savons en pain doux garderont votre peau propre, hydrat\u00e9e et bien hydrat\u00e9e.<\/p>\n<p data-start=\"559\" data-end=\"853\">Ce savon sp\u00e9cialement formul\u00e9 pour les hommes associe les propri\u00e9t\u00e9s hydratantes et protectrices de la <strong data-start=\"661\" data-end=\"669\">noix de coco<\/strong> au pouvoir nourrissant et revitalisant du <strong data-start=\"715\" data-end=\"726\">moringa<\/strong>. Il produit une mousse cr\u00e9meuse et onctueuse qui facilite le rasage, r\u00e9duit les irritations et laisse sur la peau une sensation de fra\u00eecheur et de confort.<\/p>\n<p data-start=\"855\" data-end=\"882\"><strong data-start=\"855\" data-end=\"882\">Principaux avantages :<\/strong><\/p>\n<ul data-start=\"883\" data-end=\"1103\">\n<li data-start=\"883\" data-end=\"933\">\n<p data-start=\"885\" data-end=\"933\">Facilite un rasage doux et sans irritation.<\/p>\n<\/li>\n<li data-start=\"934\" data-end=\"976\">\n<p data-start=\"936\" data-end=\"976\">Hydrate et nourrit la peau en profondeur.<\/p>\n<\/li>\n<li data-start=\"977\" data-end=\"1042\">\n<p data-start=\"979\" data-end=\"1042\">Prot\u00e8ge contre la s\u00e9cheresse et les rougeurs apr\u00e8s le rasage.<\/p>\n<\/li>\n<li data-start=\"1043\" data-end=\"1103\">\n<p data-start=\"1045\" data-end=\"1103\">Id\u00e9al pour les peaux sensibles et tous les types de peaux masculines.<\/p>\n<\/li>\n<\/ul>\n<p data-start=\"1105\" data-end=\"1168\">\ud83c\udf3f <strong data-start=\"1108\" data-end=\"1168\">Naturel | V\u00e9g\u00e9talien | Sans produits chimiques agressifs | Fabriqu\u00e9 \u00e0 la main<\/strong><\/p>\n<p data-start=\"1170\" data-end=\"1322\">Faites l&rsquo;exp\u00e9rience d&rsquo;un rasage confortable et naturel avec le <strong data-start=\"1219\" data-end=\"1268\">savon \u00e0 barbe Coconut &amp; Moringa<\/strong> et prenez soin de votre peau avec des ingr\u00e9dients purs et nourrissants.<\/p>\n","protected":false},"excerpt":{"rendered":"<p>Un soin naturel et doux pour un rasage parfait D\u00e9couvrez notre s\u00e9lection de savons naturels, fabriqu\u00e9s \u00e0 la main pour prendre soin de tous les types de peau et de tous les teints, m\u00eame les plus d\u00e9licats.Riche en beurre de karit\u00e9, en huile de noix de coco et autres ingr\u00e9dients nourrissants 100% naturels, nos savons [&hellip;]<\/p>\n","protected":false},"featured_media":1375,"template":"","meta":[],"product_brand":[],"product_cat":[144,145],"product_tag":[],"class_list":{"0":"post-1964","1":"product","2":"type-product","3":"status-publish","4":"has-post-thumbnail","6":"product_cat-artisanat-traditionnel-et-local","7":"product_cat-savons-faits-a-la-main","9":"first","10":"instock","11":"taxable","12":"shipping-taxable","13":"purchasable","14":"product-type-simple"},"_links":{"self":[{"href":"https:\/\/terangafrika.com\/index.php?rest_route=\/wp\/v2\/product\/1964","targetHints":{"allow":["GET"]}}],"collection":[{"href":"https:\/\/terangafrika.com\/index.php?rest_route=\/wp\/v2\/product"}],"about":[{"href":"https:\/\/terangafrika.com\/index.php?rest_route=\/wp\/v2\/types\/product"}],"wp:featuredmedia":[{"embeddable":true,"href":"https:\/\/terangafrika.com\/index.php?rest_route=\/wp\/v2\/media\/1375"}],"wp:attachment":[{"href":"https:\/\/terangafrika.com\/index.php?rest_route=%2Fwp%2Fv2%2Fmedia&parent=1964"}],"wp:term":[{"taxonomy":"product_brand","embeddable":true,"href":"https:\/\/terangafrika.com\/index.php?rest_route=%2Fwp%2Fv2%2Fproduct_brand&post=1964"},{"taxonomy":"product_cat","embeddable":true,"href":"https:\/\/terangafrika.com\/index.php?rest_route=%2Fwp%2Fv2%2Fproduct_cat&post=1964"},{"taxonomy":"product_tag","embeddable":true,"href":"https:\/\/terangafrika.com\/index.php?rest_route=%2Fwp%2Fv2%2Fproduct_tag&post=1964"}],"curies":[{"name":"wp","href":"https:\/\/api.w.org\/{rel}","templated":true}]}}