{"id":1901,"date":"2025-07-09T19:56:57","date_gmt":"2025-07-09T19:56:57","guid":{"rendered":"https:\/\/terangafrika.com\/product\/huile-dhibiscus-pressee-a-froid-100-pure-hibiscus-sabdariffa\/"},"modified":"2025-07-21T16:31:15","modified_gmt":"2025-07-21T16:31:15","slug":"huile-dhibiscus-pressee-a-froid-100-pure-hibiscus-sabdariffa","status":"publish","type":"product","link":"https:\/\/terangafrika.com\/?product=huile-dhibiscus-pressee-a-froid-100-pure-hibiscus-sabdariffa","title":{"rendered":"Huile d&rsquo;Hibiscus &#8211; Press\u00e9e \u00e0 froid (100% pure) Hibiscus sabdariffa"},"content":{"rendered":"<p data-start=\"212\" data-end=\"496\">D\u00e9couvrez le secret de beaut\u00e9 ancestral avec notre <strong data-start=\"265\" data-end=\"308\">huile d&rsquo;hibiscus (Hibiscus sabdariffa)<\/strong> 100 % pure, press\u00e9e \u00e0 froid. Connue pour ses propri\u00e9t\u00e9s antioxydantes, r\u00e9g\u00e9n\u00e9rantes et adoucissantes, cette huile v\u00e9g\u00e9tale est id\u00e9ale pour revitaliser naturellement la peau et les cheveux. <\/p>\n<p data-start=\"498\" data-end=\"527\"><strong data-start=\"500\" data-end=\"526\">\u2728 Propri\u00e9t\u00e9s exceptionnelles<\/strong>:<\/p>\n<ul data-start=\"529\" data-end=\"884\">\n<li data-start=\"529\" data-end=\"573\">\n<p data-start=\"531\" data-end=\"573\">100% naturel, sans additifs ni parfums.<\/p>\n<\/li>\n<li data-start=\"574\" data-end=\"638\">\n<p data-start=\"576\" data-end=\"638\">Riche en antioxydants, en vitamine E et en acides gras essentiels<\/p>\n<\/li>\n<li data-start=\"639\" data-end=\"691\">\n<p data-start=\"641\" data-end=\"691\">Favorise l&rsquo;\u00e9lasticit\u00e9 et l&rsquo;\u00e9clat de la peau<\/p>\n<\/li>\n<li data-start=\"692\" data-end=\"758\">\n<p data-start=\"694\" data-end=\"758\">Aide \u00e0 lutter contre les signes de vieillissement et les dommages caus\u00e9s par le soleil<\/p>\n<\/li>\n<li data-start=\"759\" data-end=\"824\">\n<p data-start=\"761\" data-end=\"824\">Renforce les cheveux, stimule leur croissance et leur donne de la brillance.<\/p>\n<\/li>\n<li data-start=\"825\" data-end=\"884\">\n<p data-start=\"827\" data-end=\"884\">Texture l\u00e9g\u00e8re et parfum doux, convient \u00e0 tous les types de peau.<\/p>\n<\/li>\n<\/ul>\n<p data-start=\"886\" data-end=\"1111\"><strong data-start=\"889\" data-end=\"914\">Extraction durable<\/strong><br data-start=\"914\" data-end=\"917\">Issue de la pression \u00e0 froid des graines d&rsquo;<strong data-start=\"967\" data-end=\"990\">Hibiscus sabdariffa<\/strong>, cette huile conserve toutes ses propri\u00e9t\u00e9s nutritionnelles dans le respect de l&rsquo;environnement et de la qualit\u00e9 du produit.<\/p>\n","protected":false},"excerpt":{"rendered":"<p>D\u00e9couvrez le secret de beaut\u00e9 ancestral avec notre huile d&rsquo;hibiscus (Hibiscus sabdariffa) 100 % pure, press\u00e9e \u00e0 froid. Connue pour ses propri\u00e9t\u00e9s antioxydantes, r\u00e9g\u00e9n\u00e9rantes et adoucissantes, cette huile v\u00e9g\u00e9tale est id\u00e9ale pour revitaliser naturellement la peau et les cheveux. \u2728 Propri\u00e9t\u00e9s exceptionnelles: 100% naturel, sans additifs ni parfums. Riche en antioxydants, en vitamine E et [&hellip;]<\/p>\n","protected":false},"featured_media":1289,"template":"","meta":[],"product_brand":[],"product_cat":[116,117],"product_tag":[118],"class_list":{"0":"post-1901","1":"product","2":"type-product","3":"status-publish","4":"has-post-thumbnail","6":"product_cat-cosmetique-naturelle","7":"product_cat-huiles-naturelles","8":"product_tag-produits-ancestraux","10":"first","11":"instock","12":"purchasable","13":"product-type-variable"},"_links":{"self":[{"href":"https:\/\/terangafrika.com\/index.php?rest_route=\/wp\/v2\/product\/1901","targetHints":{"allow":["GET"]}}],"collection":[{"href":"https:\/\/terangafrika.com\/index.php?rest_route=\/wp\/v2\/product"}],"about":[{"href":"https:\/\/terangafrika.com\/index.php?rest_route=\/wp\/v2\/types\/product"}],"wp:featuredmedia":[{"embeddable":true,"href":"https:\/\/terangafrika.com\/index.php?rest_route=\/wp\/v2\/media\/1289"}],"wp:attachment":[{"href":"https:\/\/terangafrika.com\/index.php?rest_route=%2Fwp%2Fv2%2Fmedia&parent=1901"}],"wp:term":[{"taxonomy":"product_brand","embeddable":true,"href":"https:\/\/terangafrika.com\/index.php?rest_route=%2Fwp%2Fv2%2Fproduct_brand&post=1901"},{"taxonomy":"product_cat","embeddable":true,"href":"https:\/\/terangafrika.com\/index.php?rest_route=%2Fwp%2Fv2%2Fproduct_cat&post=1901"},{"taxonomy":"product_tag","embeddable":true,"href":"https:\/\/terangafrika.com\/index.php?rest_route=%2Fwp%2Fv2%2Fproduct_tag&post=1901"}],"curies":[{"name":"wp","href":"https:\/\/api.w.org\/{rel}","templated":true}]}}