{"id":1881,"date":"2025-07-08T21:52:49","date_gmt":"2025-07-08T21:52:49","guid":{"rendered":"https:\/\/terangafrika.com\/product\/sauce-piquante-bara-faya\/"},"modified":"2025-07-21T16:30:51","modified_gmt":"2025-07-21T16:30:51","slug":"sauce-piquante-bara-faya","status":"publish","type":"product","link":"https:\/\/terangafrika.com\/?product=sauce-piquante-bara-faya","title":{"rendered":"Sauce piquante Bara-Faya"},"content":{"rendered":"<p data-start=\"132\" data-end=\"361\">D\u00e9couvrez l&rsquo;intensit\u00e9 de <strong data-start=\"158\" data-end=\"176\">Bara Faya Roja<\/strong>, une sauce piquante artisanale du c\u0153ur du <strong data-start=\"232\" data-end=\"243\">S\u00e9n\u00e9gal<\/strong>. Fabriqu\u00e9e <strong data-start=\"255\" data-end=\"275\">sans conservateurs<\/strong>, elle allie authenticit\u00e9, puissance et saveurs 100% naturelles pour rehausser tous les plats. <\/p>\n<p data-start=\"363\" data-end=\"474\">\ud83c\udf36 <strong data-start=\"366\" data-end=\"393\">Saveur intense et naturelle<\/strong><br data-start=\"393\" data-end=\"396\">\ud83c\udf31 <strong data-start=\"399\" data-end=\"431\">Sans conservateur ni additif<\/strong><br data-start=\"431\" data-end=\"434\">\ud83c\uddf8\ud83c\uddf3 \ud83c\uddf8\ud83c\uddf3 <strong data-start=\"439\" data-end=\"474\">Fi\u00e8rement fabriqu\u00e9 au S\u00e9n\u00e9gal<\/strong><\/p>\n<p data-start=\"476\" data-end=\"603\">Parfait pour la viande, le poisson, le riz, les l\u00e9gumes ou vos en-cas pr\u00e9f\u00e9r\u00e9s. Mais attention&#8230; il n&rsquo;y a qu&rsquo;une seule r\u00e8gle : <strong data-start=\"582\" data-end=\"603\">go\u00fbter ou pleurer !<\/strong> <\/p>\n","protected":false},"excerpt":{"rendered":"<p>D\u00e9couvrez l&rsquo;intensit\u00e9 de Bara Faya Roja, une sauce piquante artisanale du c\u0153ur du S\u00e9n\u00e9gal. Fabriqu\u00e9e sans conservateurs, elle allie authenticit\u00e9, puissance et saveurs 100% naturelles pour rehausser tous les plats. \ud83c\udf36 Saveur intense et naturelle\ud83c\udf31 Sans conservateur ni additif\ud83c\uddf8\ud83c\uddf3 \ud83c\uddf8\ud83c\uddf3 Fi\u00e8rement fabriqu\u00e9 au S\u00e9n\u00e9gal Parfait pour la viande, le poisson, le riz, les l\u00e9gumes ou [&hellip;]<\/p>\n","protected":false},"featured_media":1257,"template":"","meta":[],"product_brand":[],"product_cat":[119,120],"product_tag":[135],"class_list":{"0":"post-1881","1":"product","2":"type-product","3":"status-publish","4":"has-post-thumbnail","6":"product_cat-aliments-naturels","7":"product_cat-sauces-et-condiments","8":"product_tag-saveurs-africaines","10":"first","11":"instock","12":"purchasable","13":"product-type-variable"},"_links":{"self":[{"href":"https:\/\/terangafrika.com\/index.php?rest_route=\/wp\/v2\/product\/1881","targetHints":{"allow":["GET"]}}],"collection":[{"href":"https:\/\/terangafrika.com\/index.php?rest_route=\/wp\/v2\/product"}],"about":[{"href":"https:\/\/terangafrika.com\/index.php?rest_route=\/wp\/v2\/types\/product"}],"wp:featuredmedia":[{"embeddable":true,"href":"https:\/\/terangafrika.com\/index.php?rest_route=\/wp\/v2\/media\/1257"}],"wp:attachment":[{"href":"https:\/\/terangafrika.com\/index.php?rest_route=%2Fwp%2Fv2%2Fmedia&parent=1881"}],"wp:term":[{"taxonomy":"product_brand","embeddable":true,"href":"https:\/\/terangafrika.com\/index.php?rest_route=%2Fwp%2Fv2%2Fproduct_brand&post=1881"},{"taxonomy":"product_cat","embeddable":true,"href":"https:\/\/terangafrika.com\/index.php?rest_route=%2Fwp%2Fv2%2Fproduct_cat&post=1881"},{"taxonomy":"product_tag","embeddable":true,"href":"https:\/\/terangafrika.com\/index.php?rest_route=%2Fwp%2Fv2%2Fproduct_tag&post=1881"}],"curies":[{"name":"wp","href":"https:\/\/api.w.org\/{rel}","templated":true}]}}