{"id":1872,"date":"2025-07-08T11:19:27","date_gmt":"2025-07-08T11:19:27","guid":{"rendered":"https:\/\/terangafrika.com\/product\/huile-de-moringa-pressee-a-froid-100-pure-moringa-oleifera\/"},"modified":"2025-07-21T16:30:42","modified_gmt":"2025-07-21T16:30:42","slug":"huile-de-moringa-pressee-a-froid-100-pure-moringa-oleifera","status":"publish","type":"product","link":"https:\/\/terangafrika.com\/?product=huile-de-moringa-pressee-a-froid-100-pure-moringa-oleifera","title":{"rendered":"Huile de Moringa &#8211; Press\u00e9e \u00e0 froid (100% pure) Moringa oleifera"},"content":{"rendered":"<p data-start=\"263\" data-end=\"570\">L&rsquo;<strong data-start=\"266\" data-end=\"306\">huile de moringa (Moringa oleifera)<\/strong> est un \u00e9lixir v\u00e9g\u00e9tal aux propri\u00e9t\u00e9s exceptionnelles pour la peau et les cheveux. Surnomm\u00e9e \u00ab\u00a0l&rsquo;or des arbres\u00a0\u00bb, cette huile 100 % pure, press\u00e9e \u00e0 froid, regorge d&rsquo;antioxydants, de vitamines et d&rsquo;acides gras essentiels qui nourrissent et prot\u00e8gent en profondeur. <\/p>\n<p data-start=\"572\" data-end=\"601\"><strong data-start=\"574\" data-end=\"600\">\u2728 Propri\u00e9t\u00e9s exceptionnelles<\/strong>:<\/p>\n<ul data-start=\"603\" data-end=\"1009\">\n<li data-start=\"603\" data-end=\"649\">\n<p data-start=\"605\" data-end=\"649\">100% naturel, sans additifs ni conservateurs<\/p>\n<\/li>\n<li data-start=\"650\" data-end=\"705\">\n<p data-start=\"652\" data-end=\"705\">Riche en vitamines A, C et E, en acide b\u00e9h\u00e9nique et en om\u00e9ga 9.<\/p>\n<\/li>\n<li data-start=\"706\" data-end=\"774\">\n<p data-start=\"708\" data-end=\"774\">Hydratation intense, id\u00e9ale pour les peaux s\u00e8ches, matures ou sensibles.<\/p>\n<\/li>\n<li data-start=\"775\" data-end=\"827\">\n<p data-start=\"777\" data-end=\"827\">R\u00e9g\u00e9n\u00e8re, lisse, adoucit et donne de l&rsquo;\u00e9lasticit\u00e9 \u00e0 la peau.<\/p>\n<\/li>\n<li data-start=\"828\" data-end=\"893\">\n<p data-start=\"830\" data-end=\"893\">Prot\u00e8ge contre la pollution et le vieillissement pr\u00e9matur\u00e9<\/p>\n<\/li>\n<li data-start=\"894\" data-end=\"962\">\n<p data-start=\"896\" data-end=\"962\">Id\u00e9al pour nourrir, faire briller et renforcer les racines des cheveux.<\/p>\n<\/li>\n<li data-start=\"963\" data-end=\"1009\">\n<p data-start=\"965\" data-end=\"1009\">Texture l\u00e9g\u00e8re et soyeuse, absorption rapide<\/p>\n<\/li>\n<\/ul>\n<p data-start=\"1011\" data-end=\"1314\"><strong data-start=\"1014\" data-end=\"1053\">Une production responsable et durable<\/strong><br data-start=\"1053\" data-end=\"1056\">Notre huile est obtenue \u00e0 partir des graines de <strong data-start=\"1101\" data-end=\"1121\">Moringa oleifera<\/strong>, selon un proc\u00e9d\u00e9 de pression \u00e0 froid qui pr\u00e9serve toutes leurs propri\u00e9t\u00e9s naturelles. Elle est issue de cultures biologiques engag\u00e9es dans le respect de l&rsquo;environnement et des communaut\u00e9s locales. <\/p>\n","protected":false},"excerpt":{"rendered":"<p>Huile de Moringa<\/p>\n","protected":false},"featured_media":1263,"template":"","meta":[],"product_brand":[],"product_cat":[116,117],"product_tag":[118],"class_list":{"0":"post-1872","1":"product","2":"type-product","3":"status-publish","4":"has-post-thumbnail","6":"product_cat-cosmetique-naturelle","7":"product_cat-huiles-naturelles","8":"product_tag-produits-ancestraux","10":"first","11":"instock","12":"purchasable","13":"product-type-variable"},"_links":{"self":[{"href":"https:\/\/terangafrika.com\/index.php?rest_route=\/wp\/v2\/product\/1872","targetHints":{"allow":["GET"]}}],"collection":[{"href":"https:\/\/terangafrika.com\/index.php?rest_route=\/wp\/v2\/product"}],"about":[{"href":"https:\/\/terangafrika.com\/index.php?rest_route=\/wp\/v2\/types\/product"}],"wp:featuredmedia":[{"embeddable":true,"href":"https:\/\/terangafrika.com\/index.php?rest_route=\/wp\/v2\/media\/1263"}],"wp:attachment":[{"href":"https:\/\/terangafrika.com\/index.php?rest_route=%2Fwp%2Fv2%2Fmedia&parent=1872"}],"wp:term":[{"taxonomy":"product_brand","embeddable":true,"href":"https:\/\/terangafrika.com\/index.php?rest_route=%2Fwp%2Fv2%2Fproduct_brand&post=1872"},{"taxonomy":"product_cat","embeddable":true,"href":"https:\/\/terangafrika.com\/index.php?rest_route=%2Fwp%2Fv2%2Fproduct_cat&post=1872"},{"taxonomy":"product_tag","embeddable":true,"href":"https:\/\/terangafrika.com\/index.php?rest_route=%2Fwp%2Fv2%2Fproduct_tag&post=1872"}],"curies":[{"name":"wp","href":"https:\/\/api.w.org\/{rel}","templated":true}]}}