{"id":1761,"date":"2025-07-10T16:57:18","date_gmt":"2025-07-10T16:57:18","guid":{"rendered":"https:\/\/terangafrika.com\/product\/capsules-de-bambou\/"},"modified":"2025-07-21T16:27:56","modified_gmt":"2025-07-21T16:27:56","slug":"capsules-de-bambou","status":"publish","type":"product","link":"https:\/\/terangafrika.com\/?product=capsules-de-bambou","title":{"rendered":"Capsules de bambou"},"content":{"rendered":"<p data-start=\"106\" data-end=\"387\">Le <strong data-start=\"109\" data-end=\"118\">bambou<\/strong> est une plante fondamentale dans la phytoth\u00e9rapie traditionnelle. \u00c9galement connue sous le nom <em data-start=\"202\" data-end=\"228\">d'\u00a0\u00bbherbe de la force\u00a0\u00bb, elle<\/em> est l&rsquo;une des sources naturelles les plus riches en <strong data-start=\"275\" data-end=\"285\">silice<\/strong>, un min\u00e9ral essentiel \u00e0 la production de <strong data-start=\"327\" data-end=\"339\">collag\u00e8ne<\/strong>, la prot\u00e9ine la plus abondante du corps humain.<\/p>\n<p data-start=\"389\" data-end=\"681\">Gr\u00e2ce \u00e0 sa teneur \u00e9lev\u00e9e en silice, le bambou <strong data-start=\"437\" data-end=\"512\">favorise la sant\u00e9 de la peau, des cheveux, des ongles et des articulations<\/strong>, contribuant ainsi au maintien d&rsquo;une structure corporelle forte et souple. C&rsquo;est un excellent alli\u00e9 naturel pour ceux qui cherchent \u00e0 am\u00e9liorer leur bien-\u00eatre de l&rsquo;int\u00e9rieur.<\/p>\n<p data-start=\"683\" data-end=\"757\"><strong data-start=\"683\" data-end=\"757\">D\u00e9couvrez les incroyables bienfaits du bambou pour votre corps et votre peau.<\/strong><\/p>\n","protected":false},"excerpt":{"rendered":"<p>Le bambou est une plante fondamentale dans la phytoth\u00e9rapie traditionnelle. \u00c9galement connue sous le nom d&rsquo;\u00a0\u00bbherbe de la force\u00a0\u00bb, elle est l&rsquo;une des sources naturelles les plus riches en silice, un min\u00e9ral essentiel \u00e0 la production de collag\u00e8ne, la prot\u00e9ine la plus abondante du corps humain. Gr\u00e2ce \u00e0 sa teneur \u00e9lev\u00e9e en silice, le bambou [&hellip;]<\/p>\n","protected":false},"featured_media":1317,"template":"","meta":[],"product_brand":[],"product_cat":[119,129],"product_tag":[118],"class_list":{"0":"post-1761","1":"product","2":"type-product","3":"status-publish","4":"has-post-thumbnail","6":"product_cat-aliments-naturels","7":"product_cat-capsules","8":"product_tag-produits-ancestraux","10":"first","11":"instock","12":"taxable","13":"shipping-taxable","14":"purchasable","15":"product-type-simple"},"_links":{"self":[{"href":"https:\/\/terangafrika.com\/index.php?rest_route=\/wp\/v2\/product\/1761","targetHints":{"allow":["GET"]}}],"collection":[{"href":"https:\/\/terangafrika.com\/index.php?rest_route=\/wp\/v2\/product"}],"about":[{"href":"https:\/\/terangafrika.com\/index.php?rest_route=\/wp\/v2\/types\/product"}],"wp:featuredmedia":[{"embeddable":true,"href":"https:\/\/terangafrika.com\/index.php?rest_route=\/wp\/v2\/media\/1317"}],"wp:attachment":[{"href":"https:\/\/terangafrika.com\/index.php?rest_route=%2Fwp%2Fv2%2Fmedia&parent=1761"}],"wp:term":[{"taxonomy":"product_brand","embeddable":true,"href":"https:\/\/terangafrika.com\/index.php?rest_route=%2Fwp%2Fv2%2Fproduct_brand&post=1761"},{"taxonomy":"product_cat","embeddable":true,"href":"https:\/\/terangafrika.com\/index.php?rest_route=%2Fwp%2Fv2%2Fproduct_cat&post=1761"},{"taxonomy":"product_tag","embeddable":true,"href":"https:\/\/terangafrika.com\/index.php?rest_route=%2Fwp%2Fv2%2Fproduct_tag&post=1761"}],"curies":[{"name":"wp","href":"https:\/\/api.w.org\/{rel}","templated":true}]}}