{"id":1737,"date":"2025-07-10T14:16:31","date_gmt":"2025-07-10T14:16:31","guid":{"rendered":"https:\/\/terangafrika.com\/product\/poudre-de-baobab-biologique-adansonia-digitata\/"},"modified":"2025-07-21T16:26:40","modified_gmt":"2025-07-21T16:26:40","slug":"poudre-de-baobab-biologique-adansonia-digitata","status":"publish","type":"product","link":"https:\/\/terangafrika.com\/?product=poudre-de-baobab-biologique-adansonia-digitata","title":{"rendered":"Poudre de baobab biologique (Adansonia digitata)"},"content":{"rendered":"<p data-start=\"316\" data-end=\"846\">La <strong data-start=\"319\" data-end=\"347\">poudre de baobab biologique<\/strong> est obtenue \u00e0 partir du fruit de l&rsquo;arbre <strong data-start=\"379\" data-end=\"401\">Adansonia digitata<\/strong>, originaire d&rsquo;Afrique. Riche en vitamine C, en calcium, en potassium et en fibres, ce super-aliment naturel est id\u00e9al pour compl\u00e9ter un r\u00e9gime alimentaire sain. Son go\u00fbt doux, l\u00e9g\u00e8rement acide et fruit\u00e9 en fait un excellent ingr\u00e9dient pour les smoothies, les jus, les yaourts, les p\u00e2tisseries ou comme compl\u00e9ment naturel.<br data-start=\"714\" data-end=\"717\">Gr\u00e2ce \u00e0 sa fine mouture (150 microns), elle se dissout facilement dans les liquides et s&rsquo;int\u00e8gre sans effort dans de nombreuses pr\u00e9parations.  <\/p>\n<p data-start=\"848\" data-end=\"875\"><strong data-start=\"848\" data-end=\"875\">Principaux avantages :<\/strong><\/p>\n<ul data-start=\"876\" data-end=\"1125\">\n<li data-start=\"876\" data-end=\"935\">\n<p data-start=\"878\" data-end=\"935\">Riche en antioxydants et en nutriments essentiels<\/p>\n<\/li>\n<li data-start=\"936\" data-end=\"981\">\n<p data-start=\"938\" data-end=\"981\">Soutien du syst\u00e8me immunitaire et digestif<\/p>\n<\/li>\n<li data-start=\"982\" data-end=\"1029\">\n<p data-start=\"984\" data-end=\"1029\">Fournit de l&rsquo;\u00e9nergie et de la vitalit\u00e9 naturelles<\/p>\n<\/li>\n<li data-start=\"1030\" data-end=\"1073\">\n<p data-start=\"1032\" data-end=\"1073\">100% pur, sans additifs ni conservateurs<\/p>\n<\/li>\n<li data-start=\"1074\" data-end=\"1125\">\n<p data-start=\"1076\" data-end=\"1125\">Issus de l&rsquo;agriculture biologique certifi\u00e9e<\/p>\n<\/li>\n<\/ul>\n","protected":false},"excerpt":{"rendered":"<p>La poudre de baobab biologique est obtenue \u00e0 partir du fruit de l&rsquo;arbre Adansonia digitata, originaire d&rsquo;Afrique. Riche en vitamine C, en calcium, en potassium et en fibres, ce super-aliment naturel est id\u00e9al pour compl\u00e9ter un r\u00e9gime alimentaire sain. Son go\u00fbt doux, l\u00e9g\u00e8rement acide et fruit\u00e9 en fait un excellent ingr\u00e9dient pour les smoothies, les [&hellip;]<\/p>\n","protected":false},"featured_media":1299,"template":"","meta":[],"product_brand":[],"product_cat":[119,116,121,120],"product_tag":[],"class_list":{"0":"post-1737","1":"product","2":"type-product","3":"status-publish","4":"has-post-thumbnail","6":"product_cat-aliments-naturels","7":"product_cat-cosmetique-naturelle","8":"product_cat-poudres-naturelles","9":"product_cat-sauces-et-condiments","11":"first","12":"instock","13":"taxable","14":"shipping-taxable","15":"purchasable","16":"product-type-simple"},"_links":{"self":[{"href":"https:\/\/terangafrika.com\/index.php?rest_route=\/wp\/v2\/product\/1737","targetHints":{"allow":["GET"]}}],"collection":[{"href":"https:\/\/terangafrika.com\/index.php?rest_route=\/wp\/v2\/product"}],"about":[{"href":"https:\/\/terangafrika.com\/index.php?rest_route=\/wp\/v2\/types\/product"}],"wp:featuredmedia":[{"embeddable":true,"href":"https:\/\/terangafrika.com\/index.php?rest_route=\/wp\/v2\/media\/1299"}],"wp:attachment":[{"href":"https:\/\/terangafrika.com\/index.php?rest_route=%2Fwp%2Fv2%2Fmedia&parent=1737"}],"wp:term":[{"taxonomy":"product_brand","embeddable":true,"href":"https:\/\/terangafrika.com\/index.php?rest_route=%2Fwp%2Fv2%2Fproduct_brand&post=1737"},{"taxonomy":"product_cat","embeddable":true,"href":"https:\/\/terangafrika.com\/index.php?rest_route=%2Fwp%2Fv2%2Fproduct_cat&post=1737"},{"taxonomy":"product_tag","embeddable":true,"href":"https:\/\/terangafrika.com\/index.php?rest_route=%2Fwp%2Fv2%2Fproduct_tag&post=1737"}],"curies":[{"name":"wp","href":"https:\/\/api.w.org\/{rel}","templated":true}]}}