{"id":954,"date":"2025-07-21T16:21:59","date_gmt":"2025-07-21T16:21:59","guid":{"rendered":"https:\/\/terangafrika.com\/panier\/"},"modified":"2025-09-28T18:19:23","modified_gmt":"2025-09-28T18:19:23","slug":"panier","status":"publish","type":"page","link":"https:\/\/terangafrika.com\/?page_id=954","title":{"rendered":"Chariot"},"content":{"rendered":"\t\t<div data-elementor-type=\"wp-page\" data-elementor-id=\"954\" class=\"elementor elementor-954 elementor-942\">\n\t\t\t\t<div class=\"elementor-element elementor-element-5ac4f760 e-flex e-con-boxed e-con e-parent\" data-id=\"5ac4f760\" data-element_type=\"container\" data-e-type=\"container\">\n\t\t\t\t\t<div class=\"e-con-inner\">\n\t\t\t\t<div class=\"elementor-element elementor-element-4c9b7427 elementor-widget elementor-widget-text-editor\" data-id=\"4c9b7427\" data-element_type=\"widget\" data-e-type=\"widget\" data-widget_type=\"text-editor.default\">\n\t\t\t\t\t\t\t\t\t<div class=\"wp-block-woocommerce-cart alignwide is-loading\">\n<p> <\/p>\n<div class=\"wp-block-woocommerce-filled-cart-block\">\n<p> <\/p>\n<div class=\"wp-block-woocommerce-cart-items-block\">\n<p> <\/p>\n<div class=\"wp-block-woocommerce-cart-line-items-block\"><span style=\"text-decoration: underline;\"><strong>Vous pourriez \u00eatre int\u00e9ress\u00e9 par&#8230;<\/strong><\/span><\/div>\n<div class=\"wp-block-woocommerce-cart-line-items-block\">\u26a0\ufe0f <strong>Importante:<\/strong> Los precios no incluyen el <strong>IVA<\/strong> ni posibles <strong>tasas aduaneras<\/strong>. Estos costes pueden aplicarse al recibir el pedido y var\u00edan seg\u00fan el pa\u00eds de destino. <\/div>\n<div class=\"wp-block-woocommerce-cart-line-items-block\">                                                        <strong>Notre boutique est en franc CFA\/XOF (monnaie local)<\/strong><\/div>\n<div class=\"wp-block-woocommerce-cart-cross-sells-block\">\n<div> 1 euro=655.86 cfa 1 dollar=560 cfa 1 franc suisse=704 cfa 1 livre sterline=753 cfa<\/div>\n<\/div>\n<\/div>\n<div class=\"wp-block-woocommerce-cart-totals-block\">\n<p> <\/p>\n<\/div>\n<p> <\/p>\n<\/div>\n<p> <\/p>\n<div class=\"wp-block-woocommerce-empty-cart-block\">\n<p> <\/p>\n<h4> <\/h4>\n<h4 class=\"wp-block-heading has-text-align-center with-empty-cart-icon wc-block-cart__empty-cart__title\">Votre panier est actuellement vide !<\/h4>\n<p> <\/p>\n<hr class=\"wp-block-separator has-alpha-channel-opacity is-style-dots\">\n<p> <\/p>\n<h3 class=\"wp-block-heading has-text-align-center\">Nouveau sur la boutique!<\/h3>\n<p> <\/p>\n<\/div>\n<p> <\/p>\n<\/div>\n<p> <\/p>\t\t\t\t\t\t\t\t<\/div>\n\t\t\t\t\t<\/div>\n\t\t\t\t<\/div>\n\t\t\t\t<\/div>\n\t\t","protected":false},"excerpt":{"rendered":"<p>Vous pourriez \u00eatre int\u00e9ress\u00e9 par&#8230; \u26a0\ufe0f Importante: Los precios no incluyen el IVA ni posibles tasas aduaneras. Estos costes pueden aplicarse al recibir el pedido y var\u00edan seg\u00fan el pa\u00eds de destino. Notre boutique est en franc CFA\/XOF (monnaie local) 1 euro=655.86 cfa 1 dollar=560 cfa 1 franc suisse=704 cfa 1 livre sterline=753 cfa Votre [&hellip;]<\/p>\n","protected":false},"author":1,"featured_media":0,"parent":0,"menu_order":0,"comment_status":"closed","ping_status":"closed","template":"","meta":{"two_page_speed":[],"footnotes":""},"class_list":["post-954","page","type-page","status-publish","hentry"],"_links":{"self":[{"href":"https:\/\/terangafrika.com\/index.php?rest_route=\/wp\/v2\/pages\/954","targetHints":{"allow":["GET"]}}],"collection":[{"href":"https:\/\/terangafrika.com\/index.php?rest_route=\/wp\/v2\/pages"}],"about":[{"href":"https:\/\/terangafrika.com\/index.php?rest_route=\/wp\/v2\/types\/page"}],"author":[{"embeddable":true,"href":"https:\/\/terangafrika.com\/index.php?rest_route=\/wp\/v2\/users\/1"}],"replies":[{"embeddable":true,"href":"https:\/\/terangafrika.com\/index.php?rest_route=%2Fwp%2Fv2%2Fcomments&post=954"}],"version-history":[{"count":0,"href":"https:\/\/terangafrika.com\/index.php?rest_route=\/wp\/v2\/pages\/954\/revisions"}],"wp:attachment":[{"href":"https:\/\/terangafrika.com\/index.php?rest_route=%2Fwp%2Fv2%2Fmedia&parent=954"}],"curies":[{"name":"wp","href":"https:\/\/api.w.org\/{rel}","templated":true}]}}